et a(s) = -s**2 - 10*s - 12. Let l(h) = -h - 10. Let t be l(-5). Let k(w) = -w**2 - 9*w - 11. Let q(j) = t*a(j) + 6*k(j). What is q(o)?
-11
Let f(r) = 6*r + 6. Let n(p) = -5*p - 26. Let w be n(-8). Suppose 5*k - 16 = w. Let h(q) = 7*q + 6. Let y(c) = k*f(c) - 5*h(c). Determine y(0).
6
Let g(c) = 5*c - 75. Let o(j) = 3*j - 41. Let f(k) = 4*g(k) - 7*o(k). Give f(0).
-13
Let v(y) = -y**3 - 36*y**2 - 2*y - 7. Let o(w) = 2*w**3 + 95*w**2 + 3*w + 14. Let u(m) = -2*o(m) - 5*v(m). Determine u(9).
-38
Let y(c) = -c**3 + c**2 - c. Let n be (-10)/(-50)*-1 - 924/5. Let r = n - -188. Give y(r).
-21
Let h(v) = 7*v + 80. Let n(t) = -2*t**3 + 2*t**2 + 3*t - 9. Let w be n(2). What is h(w)?
3
Let a(l) be the first derivative of -l**3/3 - 19*l**2/2 - 67*l + 5689. Give a(-5).
3
Let m = -16942 - -16954. Let l(f) = 4*f - 65. Determine l(m).
-17
Let p(i) be the second derivative of i**4/12 - i**3/2 - 17*i**2/2 - 4*i. Suppose 16*j - 53 - 47 = -4. Determine p(j).
1
Let q(v) = 2*v**2 + 10*v - 7. Let x(i) = -i**2 - 5*i + 3. Let y(h) = 2*q(h) + 5*x(h). Suppose 119 = -5*m + 3*d, 2*d + 31 - 2 = -m. Let a = m + 19. Give y(a).
-5
Let k(o) be the first derivative of 42 + 1/2*o**2 + 14*o. Calculate k(-13).
1
Let i = -279 - -284. Suppose i*n - 70 = 5*r, -r = -4*n - 13 + 33. Let c(p) = -p - 11. Calculate c(r).
1
Let j(b) = b - 7. Suppose 33 = -27*r + 6. Let o be -11 + 32/(-8) + r + 5. Give j(o).
-18
Let v = -13 + 7. Let r(w) be the second derivative of -w**5/20 - w**4/2 + w**3/2 - w**2/2 - 2103*w. Give r(v).
-19
Let g(s) = 76*s + 2059. Let k be g(-27). Let x(l) = l**3 - 8*l**2 + 8*l - 3. Determine x(k).
4
Let r(f) = -4*f + 13. Let g(i) = -i + 4. Let z(h) = 7*g(h) - 2*r(h). Suppose -9*o + 203 = 14. Suppose o*w - 24*w = 0. Calculate z(w).
2
Let s(k) = -2*k**3 - 2*k**2 - 21*k + 23. Let p(v) = 3*v**3 + 2*v**2 + 33*v - 34. Let j(a) = -5*p(a) - 8*s(a). What is j(-4)?
6
Let p(y) = -20*y**2. Let g = -154 - -159. Suppose 8 = 3*k + g*b, -2*k + 0 = b - 3. Give p(k).
-20
Let c(i) = -i**2 + 14*i + 15. Suppose 39*p = 89*p - 750. Calculate c(p).
0
Let w = 1637 + -1634. Let s(n) be the second derivative of -1/3*n**w + 14*n - n**2 + 0. Calculate s(-4).
6
Let m(q) = q**2 + 20*q - 19. Suppose -n = -2*h - 47, 21 = 5*n - 4. Let z be m(h). Let w(j) = -9*j - z*j - 4 + 10*j. Give w(-5).
1
Let d(b) be the third derivative of b**4/24 + 9*b**2. Let h = 105 - 104. Let z be h/(4/(-16)*1). Give d(z).
-4
Let v(g) = -3*g + 3. Suppose 21*n = -2*c + 17*n, 4*c + 2*n - 6 = 0. Suppose 12 = -c*s - 2*b, s - 3*b - b - 9 = 0. Give v(s).
12
Suppose 0 = m + 7 - 3, 0 = 3*s + 5*m - 28. Suppose 7*l = 5*l + s. Let j(r) = -4*r**3 + 9*r**2 + 9 - 6*r**2 + 6*r**2 - 8*r + 3*r**3. Give j(l).
9
Suppose 3*p - p - 4 = -4*b, -3*p = -2*b + 2. Let v(s) = 0 - s**2 + 0*s**2 - b. Let k = 197572 - 197572. What is v(k)?
-1
Let r = -20643 - -20645. Let s(q) = -23*q**2 - q - 2. Give s(r).
-96
Let x be 54/12*(-1 - (-2)/(-6)). Let p be 2*(-1)/(-3)*(-27)/x. Suppose -p*v - 3 = -18. Let q(f) = -f**3 + 6*f**2 - 3*f - 4. What is q(v)?
6
Let n(l) = -3*l**2 - 2*l + 1. Let h = -140 - -151. Suppose -5*z + 25 = 0, 7*j - h*j + 4*z - 16 = 0. Give n(j).
-4
Let g be -1 + -4 + 1*-111. Let j = g - -121. Let m(t) = -2*t**2 + 6*t + 4. What is m(j)?
-16
Let v(d) = -3*d - 139. Let a(r) = 2*r + 4. Let p(g) = -6*a(g) - v(g). What is p(14)?
-11
Let r be (-30)/(-80)*(-56)/(-21). Let f(b) = -9*b + 5. Determine f(r).
-4
Let x(h) = -87*h**2 + 4*h + 3. Let g = -4766 - -4765. What is x(g)?
-88
Let n = 685 + -681. Suppose -n*c - 8 = 5*y - 23, 0 = 2*c. Let x(d) = 2*d**2 - 3*d - 1. What is x(y)?
8
Let a(x) = x**3 + 7*x**2 + 8*x + 66. Suppose -h + 56*s = 53*s + 25, -2*s = 5*h + 23. Give a(h).
10
Let m(h) = h**3 - 17*h**2 - 18*h + 16. Let b be m(18). Let o be (-6)/(-9) - 74/(-6). Let f = b - o. Let y(v) = -v**3 + 5*v**2 - 3*v - 2. Give y(f).
7
Let d(l) be the first derivative of -l**4/4 - 2*l**3 + 5*l**2 - l - 317. Let h(i) = -i**2 - 3*i + 11. Let j be h(-6). Determine d(j).
-22
Let a be -3 - (-171)/216*4. Let d(g) be the third derivative of 0 + 0*g - a*g**4 - 28*g**2 + 1/2*g**3 - 1/120*g**6 + 1/12*g**5. Calculate d(2).
7
Let u(p) = p**2 + 2*p - 5. Let x be u(-4). Suppose 2 = -5*q - x. Let d(n) = -n**2. Let o(w) = -5*w**2 + 6*w - 1. Let h(g) = q*o(g) + 6*d(g). Calculate h(-5).
6
Let x be (-8)/(-12) + 245/15. Let u(n) = -2*n**2 + 28*n + 108. Determine u(x).
6
Let s be ((5 - 10)/(-10))/((-16)/(-416)). Let y(t) = -t**2 - 9*t + 289. Calculate y(s).
3
Let n(a) = -a**2 - 24*a - 195. Let i(p) = -2*p**2 - 25*p - 198. Let o(x) = -3*i(x) + 4*n(x). Let d(h) be the first derivative of o(h). Give d(7).
7
Let m = -14 + 17. Let w(u) = 9*u - 24. Let x be w(3). Let i(r) = -2*r + 5 - 2 + 10*r**x - 9*r**3 - 3*r**2 + 4*r. Calculate i(m).
9
Suppose 5*k + h + 35 = 0, -5*h + 57 = -4*k - 0*k. Let u(b) = 9*b - 18. Let m(o) = 14*o - 28. Let a(s) = k*u(s) + 5*m(s). What is a(5)?
-6
Let p be (-16)/(-8)*-2*(-4)/(-16). Let g be ((-42)/(-35))/(3/10). Let n(x) = 10 - 9 + 8*x + g*x. Give n(p).
-11
Let w(u) = 143*u - 5420. Let o be w(38). Let x(z) = z**3 - 13*z**2 - 9*z + 36. Determine x(o).
106
Suppose 0 = -24*k + 21*k - 33. Let p = k - -10. Let q be (-2 + -1 + 4)/p. Let i(f) = -15*f + 1. What is i(q)?
16
Let t(i) = i**2 - 12*i + 10. Let s be (-6)/(-10) + (-877)/(-5). Let n be s/(-24)*(-3)/2. Let x be t(n). Let f(p) = -19*p**3 + p**2 - p - 1. Calculate f(x).
20
Let z(y) = -7*y - 3. Suppose -164 = 11*l - 769. Let c = -56 + l. Determine z(c).
4
Let u(p) = -6*p**3 + 4*p**2 + 7*p - 3. Let i(t) = t**2 + 2*t - 1. Let a(c) = 4*i(c) - u(c). What is a(1)?
6
Let w = -7104 + 7106. Let q(f) be the third derivative of 0 + 8*f**w - 2/3*f**3 + 0*f - 1/12*f**5 + 1/120*f**6 + 0*f**4. Give q(5).
-4
Let y(h) = -37*h + 4. Let r be (10 - 56/6)/(1/3). Give y(r).
-70
Let l(f) = -f**3 - 10*f**2 - 14*f + 20. Let u be l(-8). Let d(k) = -k**3 + 0*k**3 + 7630*k - u - 7634*k - 6*k**2. What is d(-4)?
-20
Let y(d) = 1 - 7*d - 4 - 15*d**2 + 42*d**3 - 2 - 17*d**3 - 23*d**3. What is y(8)?
3
Let b = 5 - 2. Let o(j) = j**3 + 7*j**2 - 5*j - 4. Suppose -2*r = -6*r - 8. Let t(h) = -h**3 - h**2 + h. Let c(l) = r*t(l) - o(l). Calculate c(b).
-5
Let g(j) = 4*j + 1 - 21*j + 10*j - 9*j + 9*j. Calculate g(1).
-6
Suppose -53*l = -54*l - 2*g - 27, -2*g + 83 = -9*l. Let b(k) = -2*k**2 - 16*k + 30. Calculate b(l).
-36
Let r(u) = 13*u - 103. Let b(l) = -14*l + 103. Let p(v) = -6*b(v) - 7*r(v). Give p(14).
5
Let z(h) = 7*h**2 + h - 1. Let t(f) = -2 + 4 - 13*f**2 + 4*f + 0 - 6*f. Let a(v) = 4*t(v) + 7*z(v). Calculate a(1).
-3
Let o = 3928 + -3918. Let h(w) = 20*w - 201. Calculate h(o).
-1
Let f(u) = -5*u - 1. Let c be (-61)/(-9) + (-4)/(-18). Let q(i) = i**2 - 45*i - 134. Let y be q(-3). Let x be (y/315*c)/(1/9). What is f(x)?
-11
Let z = -44333 + 44324. Let b(t) = -2*t**2 - 9*t - 12 - t**2 + 2*t**2. What is b(z)?
-12
Let d(w) = -w**3 + 10*w**2 - 6*w + 58. Suppose 0 = -55*i - 779 + 1329. What is d(i)?
-2
Let z(f) be the third derivative of 0*f - 1/8*f**4 - 1/6*f**3 + 1/60*f**5 - 1/60*f**6 + 0 + 26*f**2. What is z(-2)?
25
Let z = 54 - 50. Suppose 7*d - z = 3*d. Let p(c) = -2 - 127*c + 128*c - d. What is p(6)?
3
Suppose 0 = 4*x + 10 - 34. Let r be (-4)/6 + (58/x - 0). Suppose l + 14 = r. Let k(o) = o**2 + 5*o - 3. Calculate k(l).
-3
Let a(j) = 3*j - 3*j - 2*j + j + 13. Suppose -2*v + 5*h = -8, h + 16 = v + 9. Give a(v).
4
Suppose -5*j + 0*j = a + 24, -a + j - 6 = 0. Let n(f) be the third derivative of f**5/60 + 3*f**4/8 + 2*f**3/3 - 44*f**2 + 1. Calculate n(a).
4
Let o(r) be the second derivative of r**4/12 + r**3/2 - 2*r**2 - 92*r. Let u be o(-4). Let i(t) = -t**3 + t**2 - t + 2. Calculate i(u).
2
Let c(n) = -8*n**2 - 3*n - 4. Let m(b) = 14*b**2 + 3*b**2 - 14*b**2 + 2 + 0*b + b. Let w(i) = -2*c(i) - 5*m(i). Calculate w(5).
28
Suppose 47*p = 8*p + 117. Let w(c) = 10 - 3*c**3 - 2*c**3 + 7*c**2 - 4*c**3 + 11*c**3 + 2*c - c**p. Give w(-7).
-4
Let t = 216 - 223. Let n(m) = 5*m + 14 + m**2 - 9*m + 15*m. Calculate n(t).
-14
Let d(j) = -6*j + 1. Let i be (4/6)/(-3*(-6)/(-135)). Let b(x) be the second derivative of x**3 - x**2/2 + 14*x. Let f(k) = i*b(k) - 6*d(k). Give f(1).
5
Let j(i) = -12*i + 5*i - 40 - i**2 + 14*i + 17. Determine j(11).
-67
Let s(g) = 82*g - 18. Let k(x) = -29*x + 7. Let w(o) = 17*k(o) + 6*s(o). Suppose -4*d + 2*j = -0*d - 40, -41 = -3*d - 4*j. G